e highest common divisor of o and 48.
12
Suppose 457 = 5*z - 2*h, 0 = -9*z + 7*z + h + 183. Let v(c) = c**2 + c + 13. Let i be v(0). Calculate the highest common factor of i and z.
13
Suppose 0 = 2*d - d - 47. Suppose 0 = 2*a + 2, 5*a = -2*o - 2*o - 53. Let f = o + d. Calculate the highest common divisor of f and 5.
5
Let d(i) = i**2 - 6*i - 2. Let r be d(8). Calculate the highest common factor of 112 and r.
14
Let o(w) = 28*w**2 + 3*w + 2. Let m be o(-2). Calculate the highest common factor of 12 and m.
12
Let b be 6 + -2 + 4/(-2). Let w(f) = 4 - 2 - 5*f + 10*f**2 + 4*f. Let k be w(b). What is the greatest common factor of 16 and k?
8
Let k = 25 - -4. Let m = k + -20. What is the greatest common factor of 27 and m?
9
Let b(t) = t**2 - t + 22. Suppose 0*o = 2*o. Suppose 5*x - x = o. Let u be b(x). Calculate the greatest common divisor of u and 33.
11
Let q be 10/3*36/8. Let f(p) = -p**3 + 10*p**2 - 7*p + 3. Let c be f(6). Calculate the highest common divisor of q and c.
15
Let s be ((-5)/3)/((-3)/9). What is the greatest common factor of s and 110?
5
Let b = -70 + 81. What is the highest common divisor of 121 and b?
11
Suppose -128 - 256 = -3*o. Calculate the highest common factor of o and 16.
16
Suppose 0*n = 5*r + 2*n - 173, 3*n = -2*r + 67. Let y be (-2 - -3)/((-2)/(-10)). What is the highest common factor of r and y?
5
Let l be -1 + (-127)/1*-1. Suppose -13 = -2*v + 15. What is the highest common divisor of l and v?
14
Let f be -3 - -112 - 2/(-2). Let m be (-3)/(f/(-52) - -2). Calculate the highest common divisor of m and 65.
13
Suppose -10 = -2*q + q. What is the greatest common divisor of q and 15?
5
Let r = 1 + 0. Let g be -5 + 14 - (3 - r). Calculate the greatest common factor of 63 and g.
7
Let d be 7/(323/748 - (-2)/(-11)). Suppose 4*g = -w + 132, 4*w - 109 = 5*g + 461. Calculate the highest common factor of w and d.
28
Let p(h) = -3*h. Suppose n + b = 2, 0 = -0*n + n + 3*b - 8. Let i be p(n). Let u = i - -8. Calculate the greatest common factor of u and 22.
11
Suppose -16*t + 520 + 56 = 0. What is the greatest common factor of 27 and t?
9
Suppose 0 = a - 0*a - 40. Calculate the highest common divisor of 16 and a.
8
Let b(q) = 2*q - 3. Let u = -4 + -5. Let p be b(u). Let v be 56/p*33/(-2). What is the highest common divisor of v and 4?
4
Let x be ((-22)/33)/(((-2)/(-114))/(-1)). Calculate the highest common divisor of x and 57.
19
Suppose o + 3*o = 0. Suppose 5*b + 78 = y, o*y = 3*y - 2*b - 234. Suppose y = 5*d - 72. What is the greatest common divisor of d and 6?
6
Let o be -1 + (-5)/(15/3). Let x be -1 + 0 + -4 + 2. Let f be x/o*(-44)/(-6). Calculate the highest common divisor of f and 33.
11
Let i = 212 - 30. What is the highest common factor of 26 and i?
26
Let f(g) = -263*g**3 + 2*g**2 + 2*g + 1. Let k be f(-1). What is the greatest common factor of 24 and k?
24
Let g be ((-12)/(-15))/((-1)/(-5)). Let h = 18 - -10. What is the highest common factor of g and h?
4
Let j be 0 + (18 - (-8)/2). What is the greatest common divisor of 2 and j?
2
Suppose m + 15 = -38. Let d = 83 + m. Suppose 2*u - 7*u + d = 0. Calculate the highest common divisor of 3 and u.
3
Suppose 3*c - 2*c + 5*l + 9 = 0, 3*c + l = 15. Let o be -3*(-1)/((-3)/(-2)). Calculate the highest common factor of c and o.
2
Suppose 9*b = 7*b + 34. Suppose -g - 51 = -4*g. What is the highest common divisor of b and g?
17
Let i be 4 + 0 - (2 + -2). Calculate the greatest common divisor of 28 and i.
4
Suppose -2*f + 3*o + 88 = -29, 2*o + 309 = 5*f. What is the highest common divisor of f and 42?
21
Suppose 7 = -8*a + 39. Calculate the highest common factor of 1 and a.
1
Suppose 0*o = 4*o. Let d = 41 + -29. Let m = d - o. Calculate the greatest common divisor of m and 96.
12
Let x(q) = 2*q**2 - q - 1. Let j be x(-2). Let z = -106 - -187. Calculate the greatest common factor of j and z.
9
Let p = -4 - -6. Suppose -96 = -5*s - s. What is the highest common divisor of s and p?
2
Let k = 0 + 5. Suppose w - 4*a = 26, 3*a = -0*w + k*w - 45. Let h = 16 + -1. Calculate the greatest common factor of h and w.
3
Let p(x) = x**2 - 3*x. Let k be p(4). What is the highest common divisor of k and 36?
4
Suppose -4*n = 2*q - 86, -45 - 2 = -q - 3*n. Let m be ((-28)/q)/((-2)/480). What is the highest common factor of m and 24?
24
Suppose 3*k + 2*d - 34 = 16, -26 = -k - 3*d. Suppose k - 113 = -m. Calculate the greatest common factor of 9 and m.
9
Let k = 17 - 11. Let g = 0 - -3. What is the highest common factor of g and k?
3
Suppose -3*g + 4*g = -1. Let k be (3/(6/22))/g. Let j = k + 18. Calculate the highest common divisor of j and 7.
7
Suppose 126 = 2*q + 42. Let f = q - 2. Calculate the greatest common divisor of f and 5.
5
Let p be (-15)/(-2)*64/48. What is the greatest common factor of p and 50?
10
Suppose -2*b - 5*o = -1 - 2, -5*b + 16 = 4*o. Calculate the highest common factor of b and 68.
4
Let h(c) = -c**3 + 5*c**2 - 4*c + 2. Let t be h(2). Let v be 0 - 8/(2 + -1). Let k be (180/v)/((-6)/8). What is the greatest common divisor of t and k?
6
Suppose 3*o = t + 2, -4*t + 12 = -3*o + o. Calculate the greatest common factor of 14 and o.
2
Let y(t) = 64*t - 1. Let l(m) = m**3 - 5*m**2 - 6*m + 1. Let k be l(6). Let w be y(k). What is the greatest common factor of w and 7?
7
Suppose 3*p - 21 = -5*j + 117, 108 = 4*j + 3*p. Calculate the greatest common divisor of 6 and j.
6
Let q(r) = -r + 7. Suppose 2*m - m - 7 = 0. Let i be q(m). Let t be (-1)/(2/(i + -30)). What is the highest common divisor of 15 and t?
15
Let w be (-4)/20 - (-2)/10. Let m be 3 + -2*(-12 - w). Calculate the greatest common divisor of m and 3.
3
Let x be 12/(1 - (-10)/(-4)). Let v = x - -16. Suppose -v*p + 120 = -3*p. What is the highest common divisor of 3 and p?
3
Let y(j) = -7*j - 7. Let f be y(-4). Calculate the highest common factor of f and 105.
21
Let z = 2 + 7. Suppose -u - 252 = -5*u. What is the greatest common factor of z and u?
9
Suppose i + 2*i = 3*c - 534, -2*c + 5*i = -362. What is the highest common factor of 44 and c?
44
Let h be ((-55)/15)/(1/(-6)). Calculate the highest common factor of 242 and h.
22
Let b be ((-15)/25)/(1/(-5)). Calculate the highest common divisor of 2 and b.
1
Suppose 3*q - 20 = -4*d, -q = -2*q + 4*d + 28. What is the highest common factor of 6 and q?
6
Let b(x) = x - 2. Let k be b(4). Let s be k/(-4) + (-50)/(-4). Calculate the highest common divisor of 18 and s.
6
Let a be (6 - 7)/((-1)/31). What is the highest common factor of 93 and a?
31
Suppose -5*o + 35 = 4*d + d, 2*d - 13 = -3*o. Let y be (1 - 49)*(5 + (-11)/2). Calculate the highest common divisor of y and d.
8
Suppose -4*k = 3 - 11. Suppose 22 = k*n + 4*j, 15 = 2*n - 2*j - 19. What is the highest common factor of 60 and n?
15
Let m be (-13 - -10)/(2/(-4)). Suppose -5*u + m*x - x + 15 = 0, 3*u = -5*x + 9. What is the highest common divisor of 24 and u?
3
Let k(h) = -h - 7*h + h + 1. Let r be k(-2). What is the greatest common divisor of 45 and r?
15
Let f be (2/(-3))/((-1)/24). Let k = 22 + -20. Suppose 0*c = -5*c + w + 205, -3*c + k*w + 130 = 0. What is the greatest common divisor of c and f?
8
Suppose 3*z - 186 = -4*g - 66, -z + 120 = 4*g. Suppose 8*u - g = 3*u. Suppose 4*r - 4*t = 12, r = -r - 2*t - 2. What is the highest common divisor of r and u?
1
Let u = 3 - 3. Suppose 3*o - 3 = -u*o. Suppose -3*t - 1 = -25. Calculate the greatest common divisor of t and o.
1
Let h = 34 - 71. Let p = h + 61. Let m = 87 - 51. What is the greatest common factor of p and m?
12
Let v = -128 + 219. What is the highest common factor of 7 and v?
7
Suppose 0 = 2*z + x - 4, 4 = 2*x - 4*x. Suppose -4*g + 120 + 12 = 0. What is the highest common divisor of g and z?
3
Let z(l) = -l**3 + 16*l**2 + 18*l - 8. Let f be z(17). What is the highest common divisor of 9 and f?
9
Let f(d) = -d**3 - d**2 - d - 7. Let m be f(0). Let p be (1 + m)*1/(-2). Let w = p + 5. What is the greatest common factor of w and 56?
8
Let l(w) = w**2 - 9*w + 5. Let c be l(9). What is the highest common divisor of c and 40?
5
Let z(s) = s**2 - 18*s + 11. Let m be z(18). Let b(j) = 2*j - 9. Let f be b(m). Calculate the greatest common divisor of 26 and f.
13
Let t = 160 + -72. What is the highest common factor of 22 and t?
22
Let a(d) be the first derivative of -d**4/4 - 14*d**3/